{"id":26,"date":"2018-06-03T15:52:57","date_gmt":"2018-06-03T15:52:57","guid":{"rendered":"http:\/\/wp.kapellenschule.de\/?page_id=26"},"modified":"2025-04-06T09:55:30","modified_gmt":"2025-04-06T09:55:30","slug":"das-kpellenteam","status":"publish","type":"page","link":"https:\/\/kapellenschule.de\/?page_id=26","title":{"rendered":"Das Kapellenteam"},"content":{"rendered":"\n<figure class=\"wp-block-table is-style-stripes\"><table><tbody><tr><td class=\"has-text-align-center\" data-align=\"center\">  <img loading=\"lazy\" width=\"99\" height=\"150\" class=\"wp-image-124\" style=\"width: 99px;\" src=\"http:\/\/kapellenschule.de\/wp-content\/uploads\/2018\/06\/isantos.jpg\" alt=\"\"><div style=\"text-align: center;\" align=\"center\"><div align=\"center\"><\/div><\/div><\/td><td class=\"has-text-align-center\" data-align=\"center\"> <strong><div align=\"center\">Ines Santos<br>Schulleiterin<\/div><\/strong><\/td><\/tr><tr><td class=\"has-text-align-center\" data-align=\"center\"> <img loading=\"lazy\" width=\"99\" height=\"150\" class=\"wp-image-132\" style=\"width: 99px;\" src=\"http:\/\/kapellenschule.de\/wp-content\/uploads\/2018\/06\/shaselsteiner.jpg\" alt=\"\"><div align=\"center\"><\/div><\/td><td class=\"has-text-align-center\" data-align=\"center\"> <strong> <span style=\"font-family: inherit; font-size: revert; font-weight: inherit; background-color: transparent; color: initial;\">Simone Haselsteiner<\/span><div align=\"center\"><p align=\"center\">Konrektorin<\/p><\/div><\/strong><\/td><\/tr><tr><td class=\"has-text-align-center\" data-align=\"center\"> <img loading=\"lazy\" width=\"99\" height=\"150\" class=\"wp-image-130\" style=\"width: 99px;\" src=\"http:\/\/kapellenschule.de\/wp-content\/uploads\/2018\/06\/rkammer.jpg\" alt=\"\"><div align=\"center\"><\/div><\/td><td class=\"has-text-align-center\" data-align=\"center\"><strong> Ralph Kammer<\/strong><\/td><\/tr><tr><td class=\"has-text-align-center\" data-align=\"center\"> <img loading=\"lazy\" width=\"99\" height=\"150\" class=\"wp-image-133\" style=\"width: 99px;\" src=\"http:\/\/kapellenschule.de\/wp-content\/uploads\/2018\/06\/tweizendorf.jpg\" alt=\"\"><div align=\"center\"><\/div><\/td><td class=\"has-text-align-center\" data-align=\"center\"><div align=\"center\"><strong>Tanja Weitzendorf<span style=\"font-family: inherit; font-size: inherit; font-weight: inherit; background-color: transparent; color: initial;\"> <\/span><\/strong><\/div><\/td><\/tr><tr><td class=\"has-text-align-center\" data-align=\"center\"> <img loading=\"lazy\" width=\"99\" height=\"150\" class=\"wp-image-121\" style=\"width: 99px;\" src=\"http:\/\/kapellenschule.de\/wp-content\/uploads\/2018\/06\/dspeith.jpg\" alt=\"\"><div align=\"center\"><\/div><\/td><td class=\"has-text-align-center\" data-align=\"center\"> <strong>Diana Meyer<\/strong> <\/td><\/tr><tr><td class=\"has-text-align-center\" data-align=\"center\"> <img loading=\"lazy\" width=\"99\" height=\"150\" class=\"wp-image-131\" style=\"width: 99px;\" src=\"http:\/\/kapellenschule.de\/wp-content\/uploads\/2018\/06\/rrennecke.jpg\" alt=\"\"><div align=\"center\"> <\/div><\/td><td class=\"has-text-align-center\" data-align=\"center\"> <strong>Rainer Renneke<\/strong> <\/td><\/tr><tr><td class=\"has-text-align-center\" data-align=\"center\"><img loading=\"lazy\" width=\"115\" height=\"150\" class=\"wp-image-117\" style=\"width: 99px;\" src=\"http:\/\/kapellenschule.de\/wp-content\/uploads\/2018\/06\/Anna_Poprawe.jpg\" alt=\"\"><\/td><td class=\"has-text-align-center\" data-align=\"center\"> <strong>Anna Poprawe<\/strong> <\/td><\/tr><tr><td class=\"has-text-align-center\" data-align=\"center\"><img loading=\"lazy\" width=\"130\" height=\"150\" class=\"wp-image-126\" style=\"width: 99px;\" src=\"http:\/\/kapellenschule.de\/wp-content\/uploads\/2018\/06\/kAnnikaHagenlueke.jpg\" alt=\"\"><\/td><td class=\"has-text-align-center\" data-align=\"center\"><div align=\"center\"><strong>Annika Bauer<\/strong><\/div><\/td><\/tr><tr><td class=\"has-text-align-center\" data-align=\"center\"><img loading=\"lazy\" width=\"116\" height=\"150\" class=\"wp-image-128\" style=\"width: 99px;\" src=\"http:\/\/kapellenschule.de\/wp-content\/uploads\/2018\/06\/kJannaKaraaslan.jpg\" alt=\"\"><\/td><td class=\"has-text-align-center\" data-align=\"center\"> <strong>Janna Karaaslan<\/strong> <\/td><\/tr><tr><td class=\"has-text-align-center\" data-align=\"center\">&nbsp;<\/td><td class=\"has-text-align-center\" data-align=\"center\"> <strong>Reem Jerjos<\/strong> <\/td><\/tr><tr><td class=\"has-text-align-center\" data-align=\"center\">&nbsp;<\/td><td class=\"has-text-align-center\" data-align=\"center\"><div align=\"center\"><strong>Alexandra Barth<\/strong><\/div><\/td><\/tr><tr><td class=\"has-text-align-center\" data-align=\"center\">&nbsp;<\/td><td class=\"has-text-align-center\" data-align=\"center\"> <strong>Christina Vogel<\/strong> <div align=\"center\"><\/div><\/td><\/tr><tr><td class=\"has-text-align-center\" data-align=\"center\"><img loading=\"lazy\" width=\"736\" height=\"871\" class=\"wp-image-427\" style=\"width: 99px;\" src=\"http:\/\/kapellenschule.de\/wp-content\/uploads\/2019\/02\/Yannik-Baumh\u00f6fner.jpg\" alt=\"\" srcset=\"https:\/\/kapellenschule.de\/wp-content\/uploads\/2019\/02\/Yannik-Baumh\u00f6fner.jpg 736w, https:\/\/kapellenschule.de\/wp-content\/uploads\/2019\/02\/Yannik-Baumh\u00f6fner-254x300.jpg 254w\" sizes=\"(max-width: 736px) 100vw, 736px\" \/><\/td><td class=\"has-text-align-center\" data-align=\"center\"><strong>Yannik Baumh\u00f6fner<\/strong><br><strong>Schulsozialarbeiter<\/strong><\/td><\/tr><tr><td class=\"has-text-align-center\" data-align=\"center\"><\/td><td class=\"has-text-align-center\" data-align=\"center\"> <div align=\"center\"> <span style=\"font-family: inherit; font-size: inherit; font-weight: inherit; color: initial;\"><strong>Marie Cardinale<\/strong><\/span><div align=\"center\"><strong>Sekret\u00e4rin (Schule)<\/strong><\/div><\/div> <\/td><\/tr><tr><td class=\"has-text-align-center\" data-align=\"center\"><img loading=\"lazy\" width=\"99\" height=\"150\" class=\"wp-image-125\" style=\"width: 99px;\" src=\"http:\/\/kapellenschule.de\/wp-content\/uploads\/2018\/06\/izoellner.jpg\" alt=\"\"><\/td><td class=\"has-text-align-center\" data-align=\"center\"><strong> Irmgard Z\u00f6llner<p style=\"text-align: center;\">Sekret\u00e4rin (OGS)<\/p><\/strong><\/td><\/tr><tr><td class=\"has-text-align-center\" data-align=\"center\"> <img loading=\"lazy\" width=\"1200\" height=\"1599\" class=\"wp-image-2551\" style=\"width: 99px;\" src=\"http:\/\/kapellenschule.de\/wp-content\/uploads\/2022\/09\/Andreas-Johannhoerster.jpg\" alt=\"\" srcset=\"https:\/\/kapellenschule.de\/wp-content\/uploads\/2022\/09\/Andreas-Johannhoerster.jpg 1200w, https:\/\/kapellenschule.de\/wp-content\/uploads\/2022\/09\/Andreas-Johannhoerster-225x300.jpg 225w, https:\/\/kapellenschule.de\/wp-content\/uploads\/2022\/09\/Andreas-Johannhoerster-768x1023.jpg 768w, https:\/\/kapellenschule.de\/wp-content\/uploads\/2022\/09\/Andreas-Johannhoerster-1153x1536.jpg 1153w\" sizes=\"(max-width: 1200px) 100vw, 1200px\" \/><div align=\"center\"><\/div><\/td><td class=\"has-text-align-center\" data-align=\"center\"><strong>Andreas Johannh\u00f6rster<br>Hausmeister<\/strong><\/td><\/tr><\/tbody><\/table><\/figure>\n","protected":false},"excerpt":{"rendered":"<p>Ines SantosSchulleiterin Simone Haselsteiner Konrektorin Ralph Kammer Tanja Weitzendorf Diana Meyer Rainer Renneke Anna Poprawe Annika Bauer Janna Karaaslan &nbsp; Reem Jerjos &nbsp; Alexandra Barth &nbsp; Christina Vogel Yannik Baumh\u00f6fnerSchulsozialarbeiter Marie Cardinale Sekret\u00e4rin (Schule) Irmgard Z\u00f6llner Sekret\u00e4rin (OGS) Andreas Johannh\u00f6rsterHausmeister<\/p>\n","protected":false},"author":1,"featured_media":0,"parent":0,"menu_order":0,"comment_status":"closed","ping_status":"closed","template":"template-fullwidth.php","meta":{"ngg_post_thumbnail":0},"_links":{"self":[{"href":"https:\/\/kapellenschule.de\/index.php?rest_route=\/wp\/v2\/pages\/26"}],"collection":[{"href":"https:\/\/kapellenschule.de\/index.php?rest_route=\/wp\/v2\/pages"}],"about":[{"href":"https:\/\/kapellenschule.de\/index.php?rest_route=\/wp\/v2\/types\/page"}],"author":[{"embeddable":true,"href":"https:\/\/kapellenschule.de\/index.php?rest_route=\/wp\/v2\/users\/1"}],"replies":[{"embeddable":true,"href":"https:\/\/kapellenschule.de\/index.php?rest_route=%2Fwp%2Fv2%2Fcomments&post=26"}],"version-history":[{"count":25,"href":"https:\/\/kapellenschule.de\/index.php?rest_route=\/wp\/v2\/pages\/26\/revisions"}],"predecessor-version":[{"id":3125,"href":"https:\/\/kapellenschule.de\/index.php?rest_route=\/wp\/v2\/pages\/26\/revisions\/3125"}],"wp:attachment":[{"href":"https:\/\/kapellenschule.de\/index.php?rest_route=%2Fwp%2Fv2%2Fmedia&parent=26"}],"curies":[{"name":"wp","href":"https:\/\/api.w.org\/{rel}","templated":true}]}}