{"id":30,"date":"2018-06-03T15:55:24","date_gmt":"2018-06-03T15:55:24","guid":{"rendered":"http:\/\/wp.kapellenschule.de\/?page_id=30"},"modified":"2026-04-17T09:18:22","modified_gmt":"2026-04-17T09:18:22","slug":"eltern-ag","status":"publish","type":"page","link":"https:\/\/kapellenschule.de\/?page_id=30","title":{"rendered":"Eltern AG"},"content":{"rendered":"\n<div class=\"wp-container-3 wp-block-columns\">\n<div class=\"wp-container-1 wp-block-column\" style=\"flex-basis:66.66%\">\n<h3>Soziales Lernen in der Eltern AG &#8211; Kapellenschule<\/h3>\n\n\n\n<p>Die Stunden in Klasse 3a finden jeden Montag von 08.15 &#8211; 09.00 Uhr, die Stunden in Klasse 3b finden jeden Freitag von 08.15 &#8211; 9.00 Uhr in der Sporthalle statt.<br>Die Stunden werden von einem Eltern-Team geleitet, unterst\u00fctzt werden sie dabei von der ausgebildeten Deeskaltionstrainerin Inga Schuchard und der Ogs- Mitarbeiterin Bettina Fiedler. Der Klassenlehrer\/ Klassenlehrerin hat in dieser Stunde nur eine beobachtende Rolle.<\/p>\n\n\n\n<p><\/p>\n\n\n\n<h4><p><big>Soziales Lernen in Form der Eltern AG m\u00f6chte:<\/big><\/p><\/h4>\n\n\n\n<ul><li><p>Menschen f\u00fcreinander sensibilisieren,<\/p><\/li><li><p>Gef\u00fchle wecken,<\/p><\/li><li><p>Erfahrungen im Team erm\u00f6glichen,<\/p><\/li><li><p>Klassengemeinschaft st\u00e4rken,<\/p><\/li><li><p>Eltern Einblicke in die Erlebniswelt ihrer Kinder geben,<\/p><\/li><li><p>Freude bereiten,<\/p><\/li><li><p>Menschen verbinden und Beziehungen kn\u00fcpfen.<\/p><\/li><\/ul>\n<\/div>\n\n\n\n<div class=\"wp-container-2 wp-block-column\" style=\"flex-basis:33.33%\"><\/div>\n<\/div>\n\n\n\n<h4><p><big>Wir bearbeiten inhaltlich folgende Themen<\/big><\/p><\/h4>\n\n\n\n<ul><li>Kennenlernen: Ich seh Dich jeden Tag in der Schule und doch wei\u00df ich nur wenig \u00fcber Dich<\/li><\/ul>\n\n\n\n<ul><li>Gef\u00fchle: wie man sie zeigt, aber auch, wie man sie beim gegen\u00fcber wahrnimmt<\/li><\/ul>\n\n\n\n<ul><li>Kommunikation: sie findet auf vielen verschiedenen Ebenen statt und kann von jedem anders wahrgenommen werden<\/li><\/ul>\n\n\n\n<ul><li>Vertrauen: Wie f\u00fchlt sich das an ? Was brauche ich daf\u00fcr, um jemanden vertrauen zu k\u00f6nnen?<\/li><\/ul>\n\n\n\n<ul><li>Umgang mit Wut und Gewalt: Wie entwickelt sich Wut? Wie geht faires streiten? Wie kann sich Gewalt \u00e4u\u00dfern und wie kann ich damit umgehen?<\/li><\/ul>\n\n\n\n<h4><p><big>Eltern-AG in der Kepellenschule<\/big><\/p><\/h4>\n\n\n\n<p>Seit 2015 gibt es die Eltern-AG bei uns an der Kapellenschule. Sie startet immer im 2. Schuljahr im Februar, f\u00fcr eine Stunde in der Woche und geht ein Jahr.<br>Die Eltern-AG hei\u00dft so, weil sie von Eltern geleitet wird. Frau Fiedler und Frau Schuchard (Deeskalationstrainerin) aus der OGS unterst\u00fctzen die Teams dabei.<br>In der AG geht es darum, ein besseres Team zu werden.<br>Zum Aufw\u00e4rmen haben wir immer ein Spa\u00dfspiel gemacht. Dann haben wir \u00dcbungen zu verschiedenen Themen gespielt. Zuerst haben wir uns besser kennengelernt z. B. durch das Ja &#8211; Nein Spiel. Als n\u00e4chstes haben wir \u00fcber Gef\u00fchle geredet, dabei haben wir eine Streittreppe aus K\u00e4sten und B\u00e4nken aufgebaut. Auf dem h\u00f6chsten Kasten waren wir richtig w\u00fctend und explodierten und haben die Wut durch das Runterspringen rausgelassen.<br>Zum Thema Wahrnehmung haben wir das Duplo- Steine- Spiel gemacht. Zwei Kinder sa\u00dfen R\u00fccken an R\u00fccken, der eine hat etwas gebaut und der andere musste das, ohne zu gucken nachbauen. Das war ganz sch\u00f6n schwierig, oft wurde es spiegelverkehrt.<br>Es gab auch noch andere tolle Spiele wie z.B. \u201e Alle Kinder m\u00fcssen durch das Seil\u201c. H\u00f6rt sich leicht an, war es aber nicht. Zwei Eltern haben ein gro\u00dfes Seil geschlagen und wir Kinder mussten alleine oder zusammen durchrennen. Die Aufgabe war geschafft, als alle auf der anderen Seite waren. Das war ein tolles Gef\u00fchl.<br>Wir haben auch eine Klassenpyramide aus allen Kindern und unserem Lehrer gebaut. Die Kinder die unten lagen, hatten es nicht einfach, aber sie haben es sicher geschafft.<br>Unsere letzte Aufgabe war das Spiel: \u201e Alle Schafe \u00fcber den Zaun\u201c. Auch unser Lehrer musste mit hin\u00fcber. Der Zaun wurde immer h\u00f6her, so dass es immer schwieriger wurde und alle zusammen helfen mussten, dass alle zur anderen Seite gelangen konnten.<br>Am Ende des Jahres haben wir von den Eltern einen Brief mit vielen Erinnerungen und Fotos bekommen.<br>Die Eltern-AG hat uns immer Spa\u00df gemacht und wir haben gelernt ein Team zu sein.<br>Wir w\u00fcnschen uns, dass die anderen Kinder unserer Schule, auch in den Genuss der Eltern-AG kommen, daf\u00fcr brauchen wir Eltern, Gro\u00dfeltern, Tanten, Onkel oder Leute die Lust haben, sich ehrenamtlich zu engagieren und Lust haben mitzumachen. Wenn Sie noch mehr wissen m\u00f6chten oder mitmachen wollen, melden Sie sich doch in der OGS der Kapellenschule, bei Frau Fiedler oder Frau Schuchard, unter 05241-50523967.<\/p>\n","protected":false},"excerpt":{"rendered":"<p>Soziales Lernen in der Eltern AG &#8211; Kapellenschule Die Stunden in Klasse 3a finden jeden Montag von 08.15 &#8211; 09.00 Uhr, die Stunden in Klasse 3b finden jeden Freitag von 08.15 &#8211; 9.00 Uhr in der Sporthalle statt.Die Stunden werden von einem Eltern-Team geleitet, unterst\u00fctzt werden sie dabei von der ausgebildeten Deeskaltionstrainerin Inga Schuchard und [&hellip;]<\/p>\n","protected":false},"author":1,"featured_media":0,"parent":0,"menu_order":0,"comment_status":"closed","ping_status":"closed","template":"template-fullwidth.php","meta":{"ngg_post_thumbnail":0},"_links":{"self":[{"href":"https:\/\/kapellenschule.de\/index.php?rest_route=\/wp\/v2\/pages\/30"}],"collection":[{"href":"https:\/\/kapellenschule.de\/index.php?rest_route=\/wp\/v2\/pages"}],"about":[{"href":"https:\/\/kapellenschule.de\/index.php?rest_route=\/wp\/v2\/types\/page"}],"author":[{"embeddable":true,"href":"https:\/\/kapellenschule.de\/index.php?rest_route=\/wp\/v2\/users\/1"}],"replies":[{"embeddable":true,"href":"https:\/\/kapellenschule.de\/index.php?rest_route=%2Fwp%2Fv2%2Fcomments&post=30"}],"version-history":[{"count":23,"href":"https:\/\/kapellenschule.de\/index.php?rest_route=\/wp\/v2\/pages\/30\/revisions"}],"predecessor-version":[{"id":3320,"href":"https:\/\/kapellenschule.de\/index.php?rest_route=\/wp\/v2\/pages\/30\/revisions\/3320"}],"wp:attachment":[{"href":"https:\/\/kapellenschule.de\/index.php?rest_route=%2Fwp%2Fv2%2Fmedia&parent=30"}],"curies":[{"name":"wp","href":"https:\/\/api.w.org\/{rel}","templated":true}]}}